o = d + 5. Suppose -2*z - 168 = -6*z. What is the greatest common factor of z and o?
6
Let x(w) = -w**2 + 30*w + 109. Let f be x(33). Let p(a) = a**3 - 9*a**2 + 2*a + 15. Let b be p(f). Calculate the greatest common factor of b and 81.
27
Let b be (-2)/((-8)/435)*(-105)/(-60)*16. Calculate the highest common factor of b and 90.
15
Let a = 4 + 1. Let t(h) = 14*h + 1. Let c be t(0). Let b be (-133)/(-19) - (1 + c). What is the greatest common divisor of b and a?
5
Let d be (962/8)/13*-4. Let x(m) = -12*m - 336. Let l be x(d). Suppose 0 = 2*u, -4*s + u = -42 - 6. What is the highest common divisor of l and s?
12
Let a = 164 + -104. Let q = -1151 + 1316. Calculate the greatest common divisor of a and q.
15
Let l = 907 + -595. Let t be 2/2 - 65550/(-1725). What is the greatest common divisor of l and t?
39
Suppose -2*f = -0*f - 4, f - 42 = -5*c. Let b(j) = -2*j**2 + 21*j - 7. Let o be b(c). What is the highest common factor of 33 and o?
33
Let y(n) = -606*n**3 - 30*n**2 - 27*n + 1. Let a be y(-1). Calculate the greatest common factor of 4 and a.
4
Let y = 398 - 410. Let p be (2 - (-15)/y)/(9/72). Let r(c) = 5*c + 3. Let d be r(3). Calculate the highest common divisor of p and d.
6
Let y = 20940 + -19484. Calculate the greatest common divisor of 8944 and y.
208
Let w(l) = -l**3 - 6*l**2 + l - 4. Suppose 30 = 74*u - 79*u. Let g be w(u). Let o be ((-271)/(-9))/1 + g/90. Calculate the highest common divisor of 75 and o.
15
Let f(n) = -4*n**2 - 239*n + 132. Let j be f(-60). What is the greatest common factor of 6912 and j?
72
Let t be (-1 + 6 - -1)*66/9. Let j be (t/(-6))/(4/(-6)). Calculate the greatest common factor of j and 187.
11
Let i(o) = 4*o**3 + o**2 - 3*o - 4. Suppose 3*z - 7 - 2 = 0. Let g be i(z). Let u be (-80)/(-6) - 2/6. Calculate the highest common factor of g and u.
13
Let t be 2/(-4) + 804/24. Suppose -t + 3 = -6*m. Suppose 5*v = -3*r + 14 + m, -4*r + 3*v = -64. What is the highest common factor of 117 and r?
13
Let m(f) = 6*f - 2. Let x be m(2). Suppose s - 180 = -2*s + 3*b, 255 = 4*s - b. What is the greatest common factor of s and x?
5
Suppose -12*k - 36 = -16*k. Suppose 0 = k*y - 111 - 141. Calculate the highest common factor of 252 and y.
28
Let l(k) = k. Let x be l(0). Suppose x = -5*w + 661 - 31. What is the highest common factor of w and 18?
18
Let y(o) = 8*o**2 + 8*o - 7. Suppose -39 = 3*i + 5*v, 0*i - 31 = 2*i + 5*v. Let c be y(i). Let f = -4547 + 4596. Calculate the highest common factor of f and c.
49
Let u(k) = 2 + 2*k + 3 + 1 + 3. Let s be u(2). Calculate the greatest common divisor of 117 and s.
13
Let o(m) = -m**3 + 9*m**2 + 5*m + 7. Let s be o(7). Let q(c) = -c**3 - 42*c**2 + 81*c - 98. Let y be q(-44). Calculate the highest common divisor of y and s.
70
Suppose 5*z - 1950 = 6*p - p, -p - 400 = 4*z. Let h = p + 607. Let t be h/15 + (-2)/(-3). What is the greatest common divisor of 75 and t?
15
Let k(q) = q**3 + 12*q**2 + 64*q + 293. Let g be k(-5). What is the highest common divisor of 6956 and g?
148
Let q be (-13 - (-165)/11)*(0 + -16)*-8. What is the highest common divisor of q and 272?
16
Let s(a) = -16 - 9 - 7 + 0 + 22*a - 6*a. Suppose -5*j + 12 = -4*j. Let f be s(j). What is the greatest common factor of 40 and f?
40
Suppose -1922 - 1094 = -13*h. Suppose 3*y - h = -5*x, x + 156 = 2*y + 4*x. Calculate the greatest common divisor of 252 and y.
84
Suppose -4*m + m - 5188 = -z, m = -z + 5184. What is the highest common divisor of z and 85?
85
Suppose -10*q = -11*q + 9. Suppose -q*c + 384 = -13*c. Let l = c + 125. Calculate the greatest common divisor of l and 116.
29
Suppose -2*k = -372 - 546. What is the greatest common divisor of 1989 and k?
153
Let r be -3*(-21 + 70/6). What is the greatest common divisor of r and 2282?
14
Let n = 681 - 534. What is the greatest common factor of 2009 and n?
49
Let s(p) = 16*p - 66. Let l be s(6). Let h be 119/5 - (204/l + -6). What is the highest common divisor of 23 and h?
23
Suppose 1473925 - 417793 = 101*w - 68*w. Calculate the highest common factor of w and 63.
63
Suppose -12*r + 16*r - 4*v = 224, -5*r - 3*v + 312 = 0. Calculate the highest common factor of r and 145.
5
Let c be (-2)/(-6) - (-124)/6. Let k = 42 - c. Suppose 150*q + 20026 = 42*q + 21538. Calculate the highest common factor of q and k.
7
Suppose -295*d = -4699192 - 4500088. What is the greatest common divisor of d and 16?
16
Let q(i) = -8 + 52 + 2*i + 5*i - 14*i. Let z(v) = -20*v + 133. Let j(c) = -17*q(c) + 6*z(c). Let n be j(0). What is the highest common factor of n and 10?
10
Let g(k) = -k**3 + 128*k**2 + 287*k - 994. Let d be g(130). What is the greatest common factor of d and 340?
68
Suppose -4582*y + 4568*y = -196. Calculate the highest common divisor of 66 and y.
2
Let c be ((-4)/(-6))/((-2)/(-6)). Let v = 60302 - 60238. Calculate the greatest common factor of v and c.
2
Suppose -4*j + 9*j = 15. Suppose 3*k + 0*k + j*y = 0, 0 = -2*y. Suppose 7*x - x - 252 = k. What is the greatest common factor of x and 294?
42
Suppose -u + 40 = 9*u. Let i be ((-2)/u*-73)/(1/2). Let o = i + -52. Calculate the highest common factor of 21 and o.
21
Let x = 542 - 2. Let g = 68 - 65. Let i be ((-8)/10)/(g/(x/(-8))). What is the greatest common factor of i and 6?
6
Suppose -35*h = -34*h + 16. Let n = 107 - h. Let p = n + -105. What is the highest common factor of p and 18?
18
Let o be ((-4)/(-2))/4 + 3150/36. Suppose -3*n - 34*a + 2132 = -39*a, 3*a = -2*n + 1396. Calculate the highest common factor of n and o.
88
Let h be ((-4)/6)/((-516)/172602). Calculate the highest common divisor of h and 8.
1
Suppose -6*q = 44 + 10. Let v be (-10 - 2)*3/q. Let y = 3 + 9. Calculate the greatest common divisor of y and v.
4
Let v be (-311 - -1) + (-14 - -15). Let g = -104 - v. Suppose 6*q - g = 131. What is the highest common divisor of 7 and q?
7
Let i = 683 + 901. Calculate the greatest common factor of 99 and i.
99
Suppose -6*z + 4454 = 4*p, -2*p + 2257 = 29*z - 32*z. What is the highest common factor of 1239 and p?
59
Let p = -73 - -24. Let f = 153 + p. Suppose y - 19 = -6. Calculate the highest common factor of y and f.
13
Let t(q) = 2*q**3 + 43*q**2 + 103*q + 15. Let k be t(-16). Calculate the highest common factor of 455 and k.
91
Let n be (14 - 22155/(-30))*2. What is the greatest common divisor of 5 and n?
5
Suppose 20*u - 11*u = 18. Suppose 4*g = -m + 4*m - 927, -4*m = -u*g - 1226. Calculate the highest common divisor of m and 122.
61
Let n be (-100)/(-3) - (12/(-9))/(-4). Suppose -c + 4*g = -126, -c - 50 = g - 156. Suppose 6*v - c = v. What is the highest common factor of v and n?
11
Suppose -4 = -g - 2, 2*l = 2*g + 32. Let p be 0 - (l + 12/(4/(-1))). Let q(s) = -15*s - 29. Let t be q(p). Calculate the greatest common divisor of t and 28.
28
Let d(u) = 11285*u - 101033. Let g be d(9). Let w = -58 - -134. What is the highest common divisor of w and g?
76
Let n be (8 + -16)*1 - -14. Calculate the greatest common divisor of 1866 and n.
6
Suppose 6*j + 3*l - 3 = 9*j, 4*j - 2*l - 4 = 0. Suppose 0 = -j*x + 2*a + 124, -5*x + 3*a - 34 = -6*x. Calculate the greatest common divisor of x and 50.
10
Let m = -1147 - -1072. Let k be 2/(-3) - 38/(-3). Let j be 15/(-6)*40/m*k. Calculate the highest common divisor of j and 4.
4
Let k be (-1 + (-3)/3)/(-1). Suppose d + k*s - 86 = 6*d, -5*s = -5*d - 95. Let h = d - -32. Calculate the greatest common divisor of 1 and h.
1
Let d = 2242 + -1720. Calculate the highest common factor of 99 and d.
9
Let m(n) = -n**3 + 8*n**2 - 14*n + 4. Let b be m(5). Let t = 174 - 111. What is the greatest common factor of b and t?
9
Suppose 0 = 125*t - 41784 - 106966. What is the greatest common factor of t and 40?
10
Suppose 306 - 294 = 4*z. Suppose 0 = t - 5*r - 55, -3*t + z*r + 41 = -76. Calculate the highest common factor of t and 385.
35
Let m be -3 - ((-30140)/66)/(4/6). What is the highest common divisor of m and 44?
22
Suppose -n - 2*f + 702 = 0, n + 4*f - 476 - 226 = 0. What is the highest common factor of 24 and n?
6
Let t = 48 - 43. Suppose -3*g + 0*g + 2*u = -448, -g - t*u = -172. What is the highest common factor of 19 and g?
19
Suppose 0 = 30*x - 26*x + n - 5, -x - n - 1 = 0. What is the highest common factor of x and 128?
2
Let q(b) = -98*b - 102. Let x be q(-6). Calculate the highest common factor 